 = 4*c - 2*r. What are the prime factors of h(c)?
2
Let c be (9/4)/((-4)/16). Let f be 3/c*0 - -79. Suppose 2*b + 211 = 5*p + f, -3*p = -3*b - 72. List the prime factors of p.
2, 7
Suppose 5*c - 8*c + 1182 = 0. List the prime factors of c.
2, 197
Suppose 322 = -6*m - 890. Let q = m - -96. Let y = -60 - q. What are the prime factors of y?
2, 23
Let i = 81 - -55. Let j = i + -68. List the prime factors of j.
2, 17
Suppose 322*k - 5776 = 318*k. List the prime factors of k.
2, 19
Suppose 0*h + 6*h + 108 = 0. Let k(d) = -d**3 - 18*d**2 - 2*d - 21. What are the prime factors of k(h)?
3, 5
Let l(w) = -2*w**3 + w**2 + 3*w + 2. Let j be l(-2). Suppose 2*h - j - 38 = 0. Suppose 3*t - 3 = 3*r - h, -3*r + 36 = 3*t. List the prime factors of r.
2, 5
Suppose 3*v + 3*l = 6, -3*v + 3*l = -l - 13. Suppose v*f = 59 + 79. List the prime factors of f.
2, 23
Let k(z) = 3*z**2 + 36*z - 36. Let d be k(-17). Suppose 0 = -3*u + 246 + d. List the prime factors of u.
5, 31
Let g(a) = a**2 + 7*a + 3. Let o be g(-7). Suppose 0 = 2*x + o*x - 85. Let r = 34 - x. List the prime factors of r.
17
Let a be -8 - -4 - -10 - 1. Suppose 191 = a*w - 184. List the prime factors of w.
3, 5
Let z be 19/4*6 - 5/(-10). Let k = 35 - z. What are the prime factors of k?
2, 3
Suppose 490 = q - 225. List the prime factors of q.
5, 11, 13
Let o = 25 - 17. Suppose 0 = -h - 3*v - 9, -v - v - o = 0. Suppose h*w = -2*w + 210. What are the prime factors of w?
2, 3, 7
Suppose 3*k + 0 - 9 = 0. Suppose c = -k + 7. Suppose c*a - 60 = 60. List the prime factors of a.
2, 3, 5
Let b(g) = 177*g + 6. Let t be b(1). Suppose -3*k + 15 = 0, -t = -q - q + 5*k. What are the prime factors of q?
2, 13
Let s be (-17)/(-6) - 2/(-12). Suppose -m = -s*m + 88. List the prime factors of m.
2, 11
Suppose 3780 = -7*j - 420. Let i = -264 - j. What are the prime factors of i?
2, 3, 7
Let t(q) = 12*q - 36. Let k be t(6). What are the prime factors of 1988/k - (-1)/(-9)*2?
5, 11
Suppose -13*o = 3*o - 5760. List the prime factors of o.
2, 3, 5
Suppose 3*w + w - v - 5 = 0, 4*w + 3*v - 17 = 0. Let a(n) = n**2 - w + 3 + 3*n**2 - 3*n**2. What are the prime factors of a(-4)?
17
Let f(g) = -4*g + 12. Let w(m) = 7*m - 24. Let k(a) = -11*f(a) - 6*w(a). Let z be k(-7). List the prime factors of 13/z*(-8 - -4).
2, 13
Let p be (3/3)/((-1)/(-274)). List the prime factors of 3*(27/36 + p/8).
3, 5, 7
Let o be ((-5)/15 - 1484/(-6)) + -3. What are the prime factors of (6 - 0)/(0 + 8/o)?
3, 61
Let q(l) be the first derivative of -3*l**4/8 + l**3/3 - 2*l**2 - 2. Let p(w) be the second derivative of q(w). What are the prime factors of p(-5)?
47
Let k = -76 - -173. List the prime factors of k.
97
Let v(m) = 5*m - 2. Let g be -2 + (-2)/(6/(-21)). Suppose 0 = g*u - 26 - 4. What are the prime factors of v(u)?
2, 7
Let y = -2 - -2. Suppose 2*l + 2*l + 8 = y. What are the prime factors of -5*l*7/10?
7
Suppose 5*w + 615 = -5*i, 490 = -7*w + 3*w - 3*i. Let v = 265 + w. What are the prime factors of v?
2, 3
Let x(g) = 7*g**2 + 6*g + 47. Let f be x(14). Suppose 0 = 5*q + 173 - f. List the prime factors of q.
2, 7, 19
Suppose -5*u - 2280 = -17*u. List the prime factors of u.
2, 5, 19
Let b(z) = z**3 + 3*z**2 - 7*z - 6. Let w be b(-4). Let g(l) = 6*l + 12. What are the prime factors of g(w)?
2, 3
Suppose 5*h + 3*o = 2*h + 18, 2*o = 6. Suppose -4*f + 33 = -h*b, 2*b - 20 = -2*f - 0*b. What are the prime factors of f?
3
Let f(t) = t**3 + 25*t**2 - 36*t + 4. What are the prime factors of f(-24)?
2, 19
What are the prime factors of (122/(-3))/(2*9/(-378))?
2, 7, 61
Let h(o) = 30*o**2 - 4*o + 6. Let m be h(5). What are the prime factors of (2 + m/(-4))/(-1)?
2, 7, 13
Suppose -24*y + 0*y + 30336 = 0. List the prime factors of y.
2, 79
Suppose 0 = 49*p - 67*p + 46440. List the prime factors of p.
2, 3, 5, 43
Let w = -28 - -51. List the prime factors of (7 - (20 - 5))*w/(-2).
2, 23
Let t be 1227/(-21) - (-3)/7. List the prime factors of 4 - t - (-2 - 2).
2, 3, 11
Let t(i) = -174*i + 6. Let d be t(-2). Suppose -4*f = -94 - d. List the prime factors of f.
2, 7
Let q(z) = 3 + 3*z - 2*z**2 + z**2 + 5*z**2. Let p be (-7 + 8/2)/((-2)/(-2)). What are the prime factors of q(p)?
2, 3, 5
Let m(d) = 4*d - 380*d**3 - 5*d - 3*d**2 - 7 + 379*d**3. What are the prime factors of m(-4)?
13
Let g be 16/24*((-22)/(-4) - -2). Suppose 5*t = -4*x - x + 90, -t + g*x = -24. List the prime factors of t.
19
Suppose -6*a = -h - a + 17, -a + 5 = 4*h. Let n be 24/15*5/h. Suppose -n*g + g - 49 = -5*u, 0 = 5*u + 5*g - 25. List the prime factors of u.
2
Suppose 0 = 3*k - 4*c - 819, -2*c + 1010 + 60 = 4*k. What are the prime factors of k?
269
Let b(q) = -q**2 + 5*q - 6. Let i be b(4). List the prime factors of 122/6 + i/(-3).
3, 7
Let h = 6 - 8. Let s be (h/2)/((-3)/33). Suppose 5*p - 91 = -s. List the prime factors of p.
2
Let m be (15/6)/(-5)*-4. Let w be 5*1 + -2 + m. Suppose -3*s - 4*x + 10 + 171 = 0, x = -w. What are the prime factors of s?
67
Let j be (18/14 + -1)*7. Suppose j*b + b = -90. List the prime factors of (20/25)/((-2)/b).
2, 3
Suppose -4 + 2 = a. Let j be -16 - (-8)/(8/a). List the prime factors of (-225)/j*(3 - 1).
5
List the prime factors of 84/30 + -2 - 12339/(-45).
5, 11
List the prime factors of ((-320)/(-6))/((-190)/(-5415)).
2, 5, 19
Let c(v) = 2*v**2 + 19*v - 13. What are the prime factors of c(-18)?
293
Suppose 93*y = 98*y + 2*u - 6929, -4 = -2*u. List the prime factors of y.
5, 277
Suppose -77 = -p + 4. Suppose -o - q = 56, -7*q + 2*q + 215 = -4*o. Let d = p + o. What are the prime factors of d?
2, 13
Let g(c) = c - 2. Let s be g(-6). Let u be 0 - 3 - (s + 1). What are the prime factors of u/(-30)*3*-5?
2
Let o(v) = -1134*v - 4. List the prime factors of o(-1).
2, 5, 113
Let r = 162 - 99. Suppose -d = -3*p - p - r, -5*d + 75 = -5*p. What are the prime factors of 6/(-5)*440/p?
3, 11
Let p(w) = -w**3 + 5*w**2. Let o be p(4). Let n be 24*((-252)/o)/(-7). Suppose 4*t - n = t. What are the prime factors of t?
2, 3
Let t(g) = 7*g - 8. Let w(a) = 15*a - 15. Let y(i) = -13*t(i) + 6*w(i). Let k be y(-9). Suppose -22*l + k*l - 42 = 0. List the prime factors of l.
2, 3, 7
List the prime factors of 4 - (2188/(-1))/(-12 + 14).
2, 3, 61
Suppose 18*o - 1 + 55 = 0. Let n(g) = g**3 + 5*g**2 + 4*g - 1. Let h be n(-3). Let w = h + o. List the prime factors of w.
2
What are the prime factors of (-284)/(-48) + 2/24?
2, 3
Let h be 6/6*58/2. Let q = 25 - h. What are the prime factors of 696/16 + 2/q?
43
Suppose -200 = 5*l - 2*p, 0*l + p = -3*l - 109. Let v = -37 + 91. Let d = l + v. What are the prime factors of d?
2
What are the prime factors of 5400/5 - (-8 - -6)?
2, 541
Let h(n) = 2*n + 30. Let v be h(-14). Suppose 3*d = v*r + 233 + 152, -d + 129 = -r. What are the prime factors of d?
127
List the prime factors of (4238/(-78))/(2/(-18) - 0).
3, 163
Let o = 356 - -222. List the prime factors of o.
2, 17
Suppose f = -5*n + 8632 + 3146, 4*n + 5*f = 9414. What are the prime factors of n?
2, 19, 31
Let w(h) be the second derivative of h**5/40 - 3*h**4/8 + 5*h**3/6 + 5*h. Let f(n) be the second derivative of w(n). List the prime factors of f(9).
2, 3
Suppose 10 = 2*a + 5*s - 5, 4*s - 40 = 4*a. Let f be 4/(-20) + (-1)/a. What are the prime factors of (1 - f)/((-1)/(-13))?
13
Suppose -4*q + 21 = -2*f - 5, q = -f - 1. Let r = 0 + q. Suppose 0 = r*b + 16 - 40. What are the prime factors of b?
2, 3
Let m(x) = x**3 + 16*x**2 - 12*x - 7. Let j be m(-17). Let q = -26 - j. List the prime factors of q.
2, 3, 11
Suppose 4*y - 480 = -y. Suppose 8*v = 2*v - y. Let h = v + 21. What are the prime factors of h?
5
Suppose 4*w - 12 = 8. Suppose -w*t + 147 = -48. Suppose 4*y = t + 1. What are the prime factors of y?
2, 5
Let d(g) = g**3 + 25*g**2 + 8*g - 88. What are the prime factors of d(-11)?
2, 3, 11, 23
Let q(w) = -w**3 - w + 149. Let i be q(0). Let t = i + -103. What are the prime factors of t?
2, 23
Let w be 3 + -6 + 20/2. Let l(i) = i**3 - 8*i**2 + 7*i. Let p be l(w). Suppose p = 5*g - 47 - 33. List the prime factors of g.
2
List the prime factors of (-3771)/(-5) + 2/(-10).
2, 13, 29
Suppose -y + 457 = 3*v, 2*y - 251 - 47 = -2*v. List the prime factors of v.
2, 7, 11
Suppose 5*b - 150 = -0*b + 2*d, -5*d - 109 = -3*b. List the prime factors of 1/4 - (-385)/b.
2, 7
Suppose -314 + 68 = 3*m. Let h = m - -17